{"id":99,"date":"2020-07-02T12:15:24","date_gmt":"2020-07-02T10:15:24","guid":{"rendered":"http:\/\/limbo127.ddns.info\/blog\/?page_id=99"},"modified":"2025-07-21T18:16:53","modified_gmt":"2025-07-21T16:16:53","slug":"initiation-yoga-a-lecole","status":"publish","type":"page","link":"https:\/\/www.abhyasa.fr\/index.php\/coursdeyoga\/initiation-yoga-a-lecole\/","title":{"rendered":"Yoga \u00e0 l\u2019\u00c9cole  &#8230;"},"content":{"rendered":"<figure id=\"attachment_389\" aria-describedby=\"caption-attachment-389\" style=\"width: 300px\" class=\"wp-caption alignleft\"><img loading=\"lazy\" decoding=\"async\" class=\"wp-image-389 size-medium\" src=\"http:\/\/limbo127.ddns.info\/blog\/wp-content\/uploads\/2020\/07\/IMG_4336-300x225.jpg\" alt=\"IMG_4336\" width=\"300\" height=\"225\" srcset=\"https:\/\/www.abhyasa.fr\/wp-content\/uploads\/2020\/07\/IMG_4336-300x225.jpg 300w, https:\/\/www.abhyasa.fr\/wp-content\/uploads\/2020\/07\/IMG_4336-768x576.jpg 768w, https:\/\/www.abhyasa.fr\/wp-content\/uploads\/2020\/07\/IMG_4336-1024x768.jpg 1024w, https:\/\/www.abhyasa.fr\/wp-content\/uploads\/2020\/07\/IMG_4336-400x300.jpg 400w\" sizes=\"auto, (max-width: 300px) 100vw, 300px\" \/><figcaption id=\"caption-attachment-389\" class=\"wp-caption-text\">Initiation Yoga, \u00c9cole priv\u00e9e du Sacr\u00e9-C\u0153ur, juin 2023.<\/figcaption><\/figure>\n<p style=\"text-align: center;\"><span style=\"color: #000000;\">Si vous \u00eates <strong>enseignant<\/strong> (tous niveaux de la maternelle au lyc\u00e9e) et que vous souhaitez faire <strong>d\u00e9couvrir le Yoga<\/strong> ou<strong> la m\u00e9ditation<\/strong> \u00e0<strong> vos \u00e9l\u00e8ves<\/strong> et faire <strong>\u00e9tablir un devis<\/strong> pour une intervention dans votre \u00e9tablissement,<\/span><\/p>\n<p style=\"text-align: center;\"><span style=\"color: #000000;\">n&rsquo;h\u00e9sitez pas \u00e0 nous contacter :<\/span><\/p>\n<p style=\"text-align: center;\"><strong><span style=\"text-decoration: underline;\"><span style=\"color: #000000; text-decoration: underline;\">abhyasa.coursdeyoga@gmail.com<\/span><\/span><\/strong><\/p>\n","protected":false},"excerpt":{"rendered":"<p>Si vous \u00eates enseignant (tous niveaux de la maternelle au lyc\u00e9e) et que vous souhaitez faire d\u00e9couvrir le Yoga ou la m\u00e9ditation \u00e0 vos \u00e9l\u00e8ves et faire \u00e9tablir un devis pour une intervention dans votre &hellip;<\/p>\n","protected":false},"author":1,"featured_media":0,"parent":32,"menu_order":5,"comment_status":"closed","ping_status":"closed","template":"","meta":{"footnotes":""},"class_list":["post-99","page","type-page","status-publish","hentry"],"_links":{"self":[{"href":"https:\/\/www.abhyasa.fr\/index.php\/wp-json\/wp\/v2\/pages\/99","targetHints":{"allow":["GET"]}}],"collection":[{"href":"https:\/\/www.abhyasa.fr\/index.php\/wp-json\/wp\/v2\/pages"}],"about":[{"href":"https:\/\/www.abhyasa.fr\/index.php\/wp-json\/wp\/v2\/types\/page"}],"author":[{"embeddable":true,"href":"https:\/\/www.abhyasa.fr\/index.php\/wp-json\/wp\/v2\/users\/1"}],"replies":[{"embeddable":true,"href":"https:\/\/www.abhyasa.fr\/index.php\/wp-json\/wp\/v2\/comments?post=99"}],"version-history":[{"count":13,"href":"https:\/\/www.abhyasa.fr\/index.php\/wp-json\/wp\/v2\/pages\/99\/revisions"}],"predecessor-version":[{"id":1348,"href":"https:\/\/www.abhyasa.fr\/index.php\/wp-json\/wp\/v2\/pages\/99\/revisions\/1348"}],"up":[{"embeddable":true,"href":"https:\/\/www.abhyasa.fr\/index.php\/wp-json\/wp\/v2\/pages\/32"}],"wp:attachment":[{"href":"https:\/\/www.abhyasa.fr\/index.php\/wp-json\/wp\/v2\/media?parent=99"}],"curies":[{"name":"wp","href":"https:\/\/api.w.org\/{rel}","templated":true}]}}