{"id":1131,"date":"2023-07-04T09:42:30","date_gmt":"2023-07-04T07:42:30","guid":{"rendered":"http:\/\/www.abhyasa.fr\/?page_id=1131"},"modified":"2025-07-21T18:16:11","modified_gmt":"2025-07-21T16:16:11","slug":"yoga-relaxation","status":"publish","type":"page","link":"https:\/\/www.abhyasa.fr\/index.php\/yoga-relaxation\/","title":{"rendered":"Yoga Relaxation"},"content":{"rendered":"\n<h4 class=\"wp-block-heading has-text-align-center has-normal-font-size\"><strong><u>S\u00e9ances de YOGA Relaxation<\/u><\/strong><\/h4>\n\n\n\n<p class=\"has-text-align-center\">(Inscription possible en cours d&rsquo;ann\u00e9e)<\/p>\n\n\n\n<p class=\"has-text-align-center has-accent-2-color has-text-color\"><strong>avec l&rsquo;association Abhyasa<\/strong><\/p>\n\n\n\n<p class=\"has-text-align-center has-accent-2-color has-text-color\"><strong>Le jeudi<\/strong><\/p>\n\n\n\n<p class=\"has-text-align-center has-accent-2-color has-text-color\"><strong>de 12h30 \u00e0 13h30<\/strong><\/p>\n\n\n\n<p class=\"has-text-align-center\">(<em>hors vacances scolaires<\/em>)<\/p>\n\n\n\n<p class=\"has-text-align-center has-accent-1-color has-text-color\"><strong>Reprise des s\u00e9ances \u00e0 partir du jeudi 11 septembre 202<\/strong>5<\/p>\n\n\n\n<p class=\"has-text-align-center\">Au Pavillon (Centre Socioculturel)<\/p>\n\n\n\n<p class=\"has-text-align-center\">Ouistreham<\/p>\n","protected":false},"excerpt":{"rendered":"<p>S\u00e9ances de YOGA Relaxation (Inscription possible en cours d&rsquo;ann\u00e9e) avec l&rsquo;association Abhyasa Le jeudi de 12h30 \u00e0 13h30 (hors vacances scolaires) Reprise des s\u00e9ances \u00e0 partir du jeudi 11 septembre 2025 Au Pavillon (Centre Socioculturel) &hellip;<\/p>\n","protected":false},"author":1,"featured_media":0,"parent":0,"menu_order":0,"comment_status":"closed","ping_status":"closed","template":"","meta":{"footnotes":""},"class_list":["post-1131","page","type-page","status-publish","hentry"],"_links":{"self":[{"href":"https:\/\/www.abhyasa.fr\/index.php\/wp-json\/wp\/v2\/pages\/1131","targetHints":{"allow":["GET"]}}],"collection":[{"href":"https:\/\/www.abhyasa.fr\/index.php\/wp-json\/wp\/v2\/pages"}],"about":[{"href":"https:\/\/www.abhyasa.fr\/index.php\/wp-json\/wp\/v2\/types\/page"}],"author":[{"embeddable":true,"href":"https:\/\/www.abhyasa.fr\/index.php\/wp-json\/wp\/v2\/users\/1"}],"replies":[{"embeddable":true,"href":"https:\/\/www.abhyasa.fr\/index.php\/wp-json\/wp\/v2\/comments?post=1131"}],"version-history":[{"count":12,"href":"https:\/\/www.abhyasa.fr\/index.php\/wp-json\/wp\/v2\/pages\/1131\/revisions"}],"predecessor-version":[{"id":1347,"href":"https:\/\/www.abhyasa.fr\/index.php\/wp-json\/wp\/v2\/pages\/1131\/revisions\/1347"}],"wp:attachment":[{"href":"https:\/\/www.abhyasa.fr\/index.php\/wp-json\/wp\/v2\/media?parent=1131"}],"curies":[{"name":"wp","href":"https:\/\/api.w.org\/{rel}","templated":true}]}}